{"id":124,"date":"2024-02-22T15:16:56","date_gmt":"2024-02-22T14:16:56","guid":{"rendered":"https:\/\/www.master-m1generalphysics.universite-paris-saclay.fr\/?page_id=124"},"modified":"2026-01-07T22:55:19","modified_gmt":"2026-01-07T21:55:19","slug":"semester-2","status":"publish","type":"page","link":"https:\/\/www.master-m1generalphysics.universite-paris-saclay.fr\/?page_id=124","title":{"rendered":"Semester 2"},"content":{"rendered":"\n<p>Second-semester, advanced courses explore the concepts introduced in the first semester in more depth. They also enable students to build their career paths in line with the specialisms they plan to pursue in their second year of the Master&#8217;s programme.<br>Semester 2 courses run from January to end of April. The last part of the semester, until the end of June, is entirely dedicated to the internship.<\/p>\n\n\n\n<h2 class=\"wp-block-heading\">Focus<\/h2>\n\n\n\n<ul class=\"wp-block-list\">\n<li><a href=\"https:\/\/www.master-m1generalphysics.universite-paris-saclay.fr\/?page_id=126\" data-type=\"page\" data-id=\"126\">Astrophysics <\/a><\/li>\n\n\n\n<li><a href=\"https:\/\/www.master-m1generalphysics.universite-paris-saclay.fr\/?page_id=438\" data-type=\"page\" data-id=\"438\">Astroparticles<\/a><\/li>\n\n\n\n<li><a href=\"https:\/\/www.master-m1generalphysics.universite-paris-saclay.fr\/?page_id=132\" data-type=\"page\" data-id=\"132\">General Relativity &amp; Cosmology<\/a><\/li>\n\n\n\n<li><a href=\"https:\/\/www.master-m1generalphysics.universite-paris-saclay.fr\/?page_id=145\" data-type=\"page\" data-id=\"145\">Macroscopic Quantum Phenomena<\/a><\/li>\n\n\n\n<li><a href=\"https:\/\/www.master-m1generalphysics.universite-paris-saclay.fr\/?page_id=150\" data-type=\"page\" data-id=\"150\">Nuclear &amp; Particle Physics<\/a><\/li>\n\n\n\n<li><a href=\"https:\/\/www.master-m1generalphysics.universite-paris-saclay.fr\/?page_id=166\" data-type=\"page\" data-id=\"166\">Quantum Field Theory<\/a><\/li>\n\n\n\n<li><a href=\"https:\/\/www.master-m1generalphysics.universite-paris-saclay.fr\/?page_id=101\" data-type=\"page\" data-id=\"101\">Soft Matter<\/a><\/li>\n<\/ul>\n\n\n\n<h2 class=\"wp-block-heading\">Electives<\/h2>\n\n\n\n<ul class=\"wp-block-list\">\n<li><a href=\"https:\/\/www.master-m1generalphysics.universite-paris-saclay.fr\/?page_id=116\" data-type=\"page\" data-id=\"116\">Advanced Mathematics for Physicists<\/a><\/li>\n\n\n\n<li><a href=\"https:\/\/www.master-m1generalphysics.universite-paris-saclay.fr\/?page_id=147\" data-type=\"page\" data-id=\"147\">Nanomaterials &amp; Electronic Applications<\/a><\/li>\n\n\n\n<li><a href=\"https:\/\/www.master-m1generalphysics.universite-paris-saclay.fr\/?page_id=153\" data-type=\"page\" data-id=\"153\">Quantum Matter<\/a><\/li>\n\n\n\n<li><a href=\"https:\/\/www.master-m1generalphysics.universite-paris-saclay.fr\/?page_id=460\" data-type=\"page\" data-id=\"460\">Climate Physics<\/a><\/li>\n\n\n\n<li><a href=\"https:\/\/www.master-m1generalphysics.universite-paris-saclay.fr\/?page_id=465\" data-type=\"page\" data-id=\"465\">Physique de la Conversion et du Stockage de l&#8217;Energie<\/a><\/li>\n\n\n\n<li><a href=\"https:\/\/www.master-m1generalphysics.universite-paris-saclay.fr\/?page_id=448\" data-type=\"page\" data-id=\"448\">Interface biologie-physique : Fonctionnement du vivant et m\u00e9thodes d&#8217;\u00e9tude physiques<\/a><\/li>\n\n\n\n<li><a href=\"https:\/\/www.master-m1generalphysics.universite-paris-saclay.fr\/?page_id=457\" data-type=\"page\" data-id=\"457\">Physique \u00e0 l&#8217;\u00e9chelle nanom\u00e9trique<\/a><\/li>\n\n\n\n<li><a href=\"https:\/\/www.master-m1generalphysics.universite-paris-saclay.fr\/?page_id=452\" data-type=\"page\" data-id=\"452\">Optique non lin\u00e9aire<\/a><\/li>\n\n\n\n<li><a href=\"https:\/\/www.master-m1generalphysics.universite-paris-saclay.fr\/?page_id=157\" data-type=\"page\" data-id=\"157\">Research Project<\/a><\/li>\n\n\n\n<li><a href=\"https:\/\/www.master-m1generalphysics.universite-paris-saclay.fr\/?page_id=436\" data-type=\"page\" data-id=\"436\">Environmental Sustainability<\/a><\/li>\n<\/ul>\n\n\n\n<h2 class=\"wp-block-heading\">Compulsory courses<\/h2>\n\n\n\n<ul class=\"wp-block-list\">\n<li><a href=\"https:\/\/www.master-m1generalphysics.universite-paris-saclay.fr\/?page_id=141\" data-type=\"page\" data-id=\"141\">Internship<\/a><\/li>\n<\/ul>\n\n\n\n<p><\/p>\n","protected":false},"excerpt":{"rendered":"<p>Second-semester, advanced courses explore the concepts introduced in the first semester in more depth. They also enable students to build their career paths in line with the specialisms they plan to pursue in their second year of the Master&#8217;s programme.Semester 2 courses run from January to end of April. The last part of the semester, [&hellip;]<\/p>\n","protected":false},"author":1,"featured_media":0,"parent":0,"menu_order":0,"comment_status":"closed","ping_status":"closed","template":"","meta":{"footnotes":""},"class_list":["post-124","page","type-page","status-publish","hentry"],"_links":{"self":[{"href":"https:\/\/www.master-m1generalphysics.universite-paris-saclay.fr\/index.php?rest_route=\/wp\/v2\/pages\/124","targetHints":{"allow":["GET"]}}],"collection":[{"href":"https:\/\/www.master-m1generalphysics.universite-paris-saclay.fr\/index.php?rest_route=\/wp\/v2\/pages"}],"about":[{"href":"https:\/\/www.master-m1generalphysics.universite-paris-saclay.fr\/index.php?rest_route=\/wp\/v2\/types\/page"}],"author":[{"embeddable":true,"href":"https:\/\/www.master-m1generalphysics.universite-paris-saclay.fr\/index.php?rest_route=\/wp\/v2\/users\/1"}],"replies":[{"embeddable":true,"href":"https:\/\/www.master-m1generalphysics.universite-paris-saclay.fr\/index.php?rest_route=%2Fwp%2Fv2%2Fcomments&post=124"}],"version-history":[{"count":20,"href":"https:\/\/www.master-m1generalphysics.universite-paris-saclay.fr\/index.php?rest_route=\/wp\/v2\/pages\/124\/revisions"}],"predecessor-version":[{"id":484,"href":"https:\/\/www.master-m1generalphysics.universite-paris-saclay.fr\/index.php?rest_route=\/wp\/v2\/pages\/124\/revisions\/484"}],"wp:attachment":[{"href":"https:\/\/www.master-m1generalphysics.universite-paris-saclay.fr\/index.php?rest_route=%2Fwp%2Fv2%2Fmedia&parent=124"}],"curies":[{"name":"wp","href":"https:\/\/api.w.org\/{rel}","templated":true}]}}